{"id":154,"date":"2024-11-02T17:55:10","date_gmt":"2024-11-02T16:55:10","guid":{"rendered":"https:\/\/www.artthappy.fr\/?page_id=154"},"modified":"2025-03-05T13:58:30","modified_gmt":"2025-03-05T12:58:30","slug":"accueil","status":"publish","type":"page","link":"https:\/\/www.artthappy.fr\/","title":{"rendered":"Accueil"},"content":{"rendered":"<h2 data-start=\"100\" data-end=\"158\"><strong data-start=\"103\" data-end=\"156\">Bienvenue dans l&rsquo;univers de la Cuisine-Th\u00e9rapie !<\/strong><\/h2>\n<p data-start=\"160\" data-end=\"221\">Et si tu \u00e9tais \u00e0 <strong data-start=\"177\" data-end=\"217\"><a href=\"https:\/\/www.artthappy.fr\/cest-quoi-ces-2\/\">2 %<\/a> de d\u00e9bloquer ton plein potentiel<\/strong> ?<\/p>\n<p data-start=\"223\" data-end=\"392\">Je m&rsquo;appelle <strong data-start=\"236\" data-end=\"246\">J\u00e9r\u00e9my<\/strong>, praticien en <strong data-start=\"261\" data-end=\"282\">Cuisine-Th\u00e9rapie\u00a9<\/strong>, et je t\u2019invite \u00e0 d\u00e9couvrir une approche unique qui allie <strong data-start=\"341\" data-end=\"389\">plaisir culinaire et d\u00e9veloppement personnel<\/strong>.<\/p>\n<p data-start=\"394\" data-end=\"477\">\ud83d\udd25 <strong data-start=\"397\" data-end=\"475\">Et si cuisiner devenait un outil puissant pour te reconnecter \u00e0 toi-m\u00eame ?<\/strong><\/p>\n<p data-start=\"479\" data-end=\"716\">Pas besoin d\u2019\u00eatre un chef ! Ici, <strong data-start=\"512\" data-end=\"557\">pas de recettes impos\u00e9es, pas de pression<\/strong>. Juste <strong data-start=\"565\" data-end=\"620\">toi, des ingr\u00e9dients, et une exp\u00e9rience lib\u00e9ratrice<\/strong> o\u00f9 chaque assiette devient une \u0153uvre d\u2019art, et chaque geste un moyen d\u2019exprimer tes \u00e9motions.<\/p>\n<p data-start=\"718\" data-end=\"809\">\u2705 <strong data-start=\"720\" data-end=\"736\">L\u00e2cher prise<\/strong><br data-start=\"736\" data-end=\"739\" \/>\u2705 <strong data-start=\"741\" data-end=\"766\">Booster ta cr\u00e9ativit\u00e9<\/strong><br data-start=\"766\" data-end=\"769\" \/>\u2705 <strong data-start=\"771\" data-end=\"807\">Retrouver \u00e9quilibre et bien-\u00eatre<\/strong><\/p>\n<p data-start=\"811\" data-end=\"980\">\u2728 <strong data-start=\"813\" data-end=\"832\">Tu es curieux ?<\/strong> Viens d\u00e9couvrir comment la Cuisine-Th\u00e9rapie peut transformer ton quotidien. <strong data-start=\"909\" data-end=\"978\">Explore la section <a href=\"https:\/\/www.artthappy.fr\/articles\/\">Articles<\/a> ou r\u00e9serve ta s\u00e9ance d\u00e8s maintenant !<\/strong><\/p>\n<p data-start=\"982\" data-end=\"1094\">\ud83d\udce2 <strong data-start=\"985\" data-end=\"1092\">Le site est en construction, mais mes s\u00e9ances sont d\u00e9j\u00e0 disponibles. Contacte-moi pour en savoir plus !<\/strong><\/p>\n","protected":false},"excerpt":{"rendered":"<p>Bienvenue dans l&rsquo;univers de la Cuisine-Th\u00e9rapie ! Et si tu \u00e9tais \u00e0 2 % de d\u00e9bloquer ton plein potentiel ? Je m&rsquo;appelle J\u00e9r\u00e9my, praticien en Cuisine-Th\u00e9rapie\u00a9, et je t\u2019invite \u00e0 d\u00e9couvrir une approche unique qui allie plaisir culinaire et d\u00e9veloppement personnel. \ud83d\udd25 Et si cuisiner devenait un outil puissant pour te reconnecter \u00e0 toi-m\u00eame ? [&hellip;]<\/p>\n","protected":false},"author":1,"featured_media":0,"parent":0,"menu_order":0,"comment_status":"closed","ping_status":"closed","template":"","meta":{"_crdt_document":"","site-sidebar-layout":"default","site-content-layout":"","ast-site-content-layout":"narrow-width-container","site-content-style":"default","site-sidebar-style":"default","ast-global-header-display":"","ast-banner-title-visibility":"","ast-main-header-display":"","ast-hfb-above-header-display":"","ast-hfb-below-header-display":"","ast-hfb-mobile-header-display":"","site-post-title":"disabled","ast-breadcrumbs-content":"","ast-featured-img":"","footer-sml-layout":"","theme-transparent-header-meta":"default","adv-header-id-meta":"","stick-header-meta":"","header-above-stick-meta":"","header-main-stick-meta":"","header-below-stick-meta":"","astra-migrate-meta-layouts":"set","ast-page-background-enabled":"default","ast-page-background-meta":{"desktop":{"background-color":"var(--ast-global-color-4)","background-image":"","background-repeat":"repeat","background-position":"center center","background-size":"auto","background-attachment":"scroll","background-type":"","background-media":"","overlay-type":"","overlay-color":"","overlay-opacity":"","overlay-gradient":""},"tablet":{"background-color":"","background-image":"","background-repeat":"repeat","background-position":"center center","background-size":"auto","background-attachment":"scroll","background-type":"","background-media":"","overlay-type":"","overlay-color":"","overlay-opacity":"","overlay-gradient":""},"mobile":{"background-color":"","background-image":"","background-repeat":"repeat","background-position":"center center","background-size":"auto","background-attachment":"scroll","background-type":"","background-media":"","overlay-type":"","overlay-color":"","overlay-opacity":"","overlay-gradient":""}},"ast-content-background-meta":{"desktop":{"background-color":"var(--ast-global-color-5)","background-image":"","background-repeat":"repeat","background-position":"center center","background-size":"auto","background-attachment":"scroll","background-type":"","background-media":"","overlay-type":"","overlay-color":"","overlay-opacity":"","overlay-gradient":""},"tablet":{"background-color":"var(--ast-global-color-5)","background-image":"","background-repeat":"repeat","background-position":"center center","background-size":"auto","background-attachment":"scroll","background-type":"","background-media":"","overlay-type":"","overlay-color":"","overlay-opacity":"","overlay-gradient":""},"mobile":{"background-color":"var(--ast-global-color-5)","background-image":"","background-repeat":"repeat","background-position":"center center","background-size":"auto","background-attachment":"scroll","background-type":"","background-media":"","overlay-type":"","overlay-color":"","overlay-opacity":"","overlay-gradient":""}},"footnotes":""},"class_list":["post-154","page","type-page","status-publish","hentry"],"_links":{"self":[{"href":"https:\/\/www.artthappy.fr\/index.php?rest_route=\/wp\/v2\/pages\/154","targetHints":{"allow":["GET"]}}],"collection":[{"href":"https:\/\/www.artthappy.fr\/index.php?rest_route=\/wp\/v2\/pages"}],"about":[{"href":"https:\/\/www.artthappy.fr\/index.php?rest_route=\/wp\/v2\/types\/page"}],"author":[{"embeddable":true,"href":"https:\/\/www.artthappy.fr\/index.php?rest_route=\/wp\/v2\/users\/1"}],"replies":[{"embeddable":true,"href":"https:\/\/www.artthappy.fr\/index.php?rest_route=%2Fwp%2Fv2%2Fcomments&post=154"}],"version-history":[{"count":15,"href":"https:\/\/www.artthappy.fr\/index.php?rest_route=\/wp\/v2\/pages\/154\/revisions"}],"predecessor-version":[{"id":428,"href":"https:\/\/www.artthappy.fr\/index.php?rest_route=\/wp\/v2\/pages\/154\/revisions\/428"}],"wp:attachment":[{"href":"https:\/\/www.artthappy.fr\/index.php?rest_route=%2Fwp%2Fv2%2Fmedia&parent=154"}],"curies":[{"name":"wp","href":"https:\/\/api.w.org\/{rel}","templated":true}]}}